{"id":794,"date":"2018-04-16T17:45:52","date_gmt":"2018-04-16T17:45:52","guid":{"rendered":"http:\/\/museogcivilcampillo.es\/?page_id=794"},"modified":"2018-04-17T09:19:17","modified_gmt":"2018-04-17T09:19:17","slug":"lecturas-recomendadas","status":"publish","type":"page","link":"https:\/\/museogcivilcampillo.es\/?page_id=794","title":{"rendered":"Lecturas recomendadas"},"content":{"rendered":"\t\t<div data-elementor-type=\"wp-post\" data-elementor-id=\"794\" class=\"elementor elementor-794 elementor-bc-flex-widget\" data-elementor-settings=\"[]\">\n\t\t\t\t\t\t<div class=\"elementor-inner\">\n\t\t\t\t\t\t\t<div class=\"elementor-section-wrap\">\n\t\t\t\t\t\t\t<section class=\"elementor-section elementor-top-section elementor-element elementor-element-74a6e21f elementor-section-boxed elementor-section-height-default elementor-section-height-default\" data-id=\"74a6e21f\" data-element_type=\"section\">\n\t\t\t\t\t\t<div class=\"elementor-container elementor-column-gap-default\">\n\t\t\t\t\t\t\t<div class=\"elementor-row\">\n\t\t\t\t\t<div class=\"elementor-column elementor-col-100 elementor-top-column elementor-element elementor-element-12506a1b\" data-id=\"12506a1b\" data-element_type=\"column\">\n\t\t\t<div class=\"elementor-column-wrap elementor-element-populated\">\n\t\t\t\t\t\t\t<div class=\"elementor-widget-wrap\">\n\t\t\t\t\t\t<div class=\"elementor-element elementor-element-7cfbe045 elementor-widget elementor-widget-text-editor\" data-id=\"7cfbe045\" data-element_type=\"widget\" data-widget_type=\"text-editor.default\">\n\t\t\t\t<div class=\"elementor-widget-container\">\n\t\t\t\t\t\t\t\t<div class=\"elementor-text-editor elementor-clearfix\">\n\t\t\t\t<p>Les proponemos una cuidada selecci\u00f3n de t\u00edtulos sobre la Guerra Civil espa\u00f1ola. Estos libros se pueden consultar en la Biblioteca del Museo.<\/p><p>\u00a0<\/p><p>\u00a0<\/p><table class=\" aligncenter\" style=\"width: 100%;\"><tbody><tr><td style=\"width: 75%; text-align: left; vertical-align: top;\"><h6><strong>Una Historia de la Guerra Civil que no va a gustar a nadie<\/strong> por Juan Eslava Gal\u00e1n (Ensayo\/Divulgaci\u00f3n).<\/h6><p>El llamativo t\u00edtulo de esta <span style=\"font-family: georgia, palatino, serif;\">obra<\/span> no hace referencia a su calidad sino que es una declaraci\u00f3n de intenciones del autor, que deja claro que no se trata de un texto donde se vaya a ensalzar a uno de los bandos y a denostar al otro simplemente porque cuente con su simpat\u00eda personal.<\/p><p>En un tono ameno lejos de academicismos, Eslava Gal\u00e1n nos narra los antecedentes y devenires del conflicto.Sin olvidar a los grandes personajes y las famosas batallas, tambi\u00e9n acerca la c\u00e1mara a las personas an\u00f3nimas que padecieron esta guerra, salpicando el texto con peque\u00f1as an\u00e9cdotas cotidianas y curiosidades que acontecieron a unos y otros.<\/p><\/td><td style=\"width: 25%; text-align: center; vertical-align: top;\"><img loading=\"lazy\" class=\"alignnone size-full wp-image-796\" src=\"http:\/\/museogcivilcampillo.es\/wp-content\/uploads\/2018\/04\/eslava.jpg\" alt=\"\" width=\"183\" height=\"275\" \/><\/td><\/tr><tr><td style=\"width: 75%; text-align: left; vertical-align: top;\"><h6><strong>La Guerra Civil contada a los jovenes<\/strong> por Arturo P\u00e9rez-Reverte con ilustraciones de Fernando Vicente (Divulgaci\u00f3n\/Juvenil).<\/h6><p>Textos del controvertido escritor y columnista acompa\u00f1ados por bellas estampas realizadas por Vicente que intentan acercar el conocimiento del conflicto a las j\u00f3venes generaciones.<\/p><p>Libro denostado por parte de la izquierda actual espa\u00f1ola, quiz\u00e1s porque el autor intenta ser ecu\u00e1nime y no demoniza al bando fascista con suficiente contundencia ni ensalza las virtudes del bando republicano obviando las sombras que acompa\u00f1aban a las luces. Sin entrar en detalle en las atrocidades cometidas por ambos bandos, los autores nos muestran los principales acontecimientos de este hito hist\u00f3rico.<\/p><\/td><td style=\"width: 21.9455%; text-align: center; vertical-align: top;\"><img loading=\"lazy\" class=\"alignnone wp-image-797\" src=\"http:\/\/museogcivilcampillo.es\/wp-content\/uploads\/2018\/04\/reverte.jpg\" alt=\"\" width=\"183\" height=\"262\" srcset=\"https:\/\/museogcivilcampillo.es\/wp-content\/uploads\/2018\/04\/reverte.jpg 348w, https:\/\/museogcivilcampillo.es\/wp-content\/uploads\/2018\/04\/reverte-209x300.jpg 209w\" sizes=\"(max-width: 183px) 100vw, 183px\" \/><\/td><\/tr><tr><td style=\"width: 75%; text-align: left; vertical-align: top;\"><h6><strong>Surcos del azar<\/strong> por Paco Roca (C\u00f3mic).<\/h6><p>Aunque la obra no est\u00e1 centrada en la Guerra Civil, su comienzo arranca con los estertores y nos permite vislumbrar a lo que se enfrentaron los perdedores del conflicto forzados al exilio, para luego mostrarnos c\u00f3mo un pu\u00f1ado de ellos decidi\u00f3 seguir combatiendo al fascismo encuadrados en el ejercito aliado durante la Segunda Guerra Mundial, llegando a participar en la liberaci\u00f3n de Par\u00eds y en el asalto al mismisimo Nido del \u00c1guila hitleriano. Grande la Nueve!<\/p><\/td><td style=\"width: 21.9455%; text-align: center; vertical-align: top;\"><img loading=\"lazy\" class=\"alignnone wp-image-798\" src=\"http:\/\/museogcivilcampillo.es\/wp-content\/uploads\/2018\/04\/roca.jpg\" alt=\"\" width=\"183\" height=\"257\" srcset=\"https:\/\/museogcivilcampillo.es\/wp-content\/uploads\/2018\/04\/roca.jpg 356w, https:\/\/museogcivilcampillo.es\/wp-content\/uploads\/2018\/04\/roca-214x300.jpg 214w\" sizes=\"(max-width: 183px) 100vw, 183px\" \/><\/td><\/tr><tr><td style=\"width: 75%; text-align: left; vertical-align: top;\"><h6><strong>Doctor Uriel<\/strong> por Sento (C\u00f3mic).<\/h6><p>Basado en la obra autobiogr\u00e1fica &#8220;No se fusila en domingo&#8221; de Pablo Uriel, nos narra en vi\u00f1etas la historiade un joven m\u00e9dico zaragozano de simpat\u00edas republicanas que se ve atrapado en zona nacional al comienzo del conflicto.<\/p><p>Primero encarcelado y posteriormente forzado a unirse al ejercito sublevado, nuestro protagonista llega a verse atrapado en una de la batallas m\u00e1s renombradas: Belchite.<\/p><\/td><td style=\"width: 21.9455%; text-align: center; vertical-align: top;\"><img loading=\"lazy\" class=\"alignnone wp-image-799\" src=\"http:\/\/museogcivilcampillo.es\/wp-content\/uploads\/2018\/04\/sento.jpg\" alt=\"\" width=\"183\" height=\"258\" srcset=\"https:\/\/museogcivilcampillo.es\/wp-content\/uploads\/2018\/04\/sento.jpg 354w, https:\/\/museogcivilcampillo.es\/wp-content\/uploads\/2018\/04\/sento-213x300.jpg 213w\" sizes=\"(max-width: 183px) 100vw, 183px\" \/><\/td><\/tr><tr><td style=\"width: 75%; text-align: left; vertical-align: top;\"><p>\u00a0<\/p><\/td><td style=\"width: 21.9455%; text-align: center; vertical-align: top;\">\u00a0<\/td><\/tr><\/tbody><\/table><p>\u00a0<\/p>\t\t\t\t\t<\/div>\n\t\t\t\t\t\t<\/div>\n\t\t\t\t<\/div>\n\t\t\t\t\t\t<\/div>\n\t\t\t\t\t<\/div>\n\t\t<\/div>\n\t\t\t\t\t\t\t\t<\/div>\n\t\t\t\t\t<\/div>\n\t\t<\/section>\n\t\t\t\t\t\t<\/div>\n\t\t\t\t\t\t<\/div>\n\t\t\t\t\t<\/div>\n\t\t","protected":false},"excerpt":{"rendered":"<p>Les proponemos una cuidada selecci\u00f3n de t\u00edtulos sobre la Guerra Civil espa\u00f1ola. Estos libros se pueden consultar en la Biblioteca del Museo. \u00a0 \u00a0 Una Historia de la Guerra Civil que no va a gustar a nadie por Juan Eslava Gal\u00e1n (Ensayo\/Divulgaci\u00f3n). El llamativo t\u00edtulo de esta obra no hace referencia a su calidad sino [&hellip;]<\/p>\n","protected":false},"author":1,"featured_media":0,"parent":0,"menu_order":0,"comment_status":"closed","ping_status":"closed","template":"","meta":{"ngg_post_thumbnail":0},"_links":{"self":[{"href":"https:\/\/museogcivilcampillo.es\/index.php?rest_route=\/wp\/v2\/pages\/794"}],"collection":[{"href":"https:\/\/museogcivilcampillo.es\/index.php?rest_route=\/wp\/v2\/pages"}],"about":[{"href":"https:\/\/museogcivilcampillo.es\/index.php?rest_route=\/wp\/v2\/types\/page"}],"author":[{"embeddable":true,"href":"https:\/\/museogcivilcampillo.es\/index.php?rest_route=\/wp\/v2\/users\/1"}],"replies":[{"embeddable":true,"href":"https:\/\/museogcivilcampillo.es\/index.php?rest_route=%2Fwp%2Fv2%2Fcomments&post=794"}],"version-history":[{"count":18,"href":"https:\/\/museogcivilcampillo.es\/index.php?rest_route=\/wp\/v2\/pages\/794\/revisions"}],"predecessor-version":[{"id":821,"href":"https:\/\/museogcivilcampillo.es\/index.php?rest_route=\/wp\/v2\/pages\/794\/revisions\/821"}],"wp:attachment":[{"href":"https:\/\/museogcivilcampillo.es\/index.php?rest_route=%2Fwp%2Fv2%2Fmedia&parent=794"}],"curies":[{"name":"wp","href":"https:\/\/api.w.org\/{rel}","templated":true}]}}

<div data-elementor-type="wp-post" data-elementor-id="794" class="elementor elementor-794 elementor-bc-flex-widget" data-elementor-settings="[]">
						<div class="elementor-inner">
							<div class="elementor-section-wrap">
							<section class="elementor-section elementor-top-section elementor-element elementor-element-74a6e21f elementor-section-boxed elementor-section-height-default elementor-section-height-default" data-id="74a6e21f" data-element_type="section">
						<div class="elementor-container elementor-column-gap-default">
							<div class="elementor-row">
					<div class="elementor-column elementor-col-100 elementor-top-column elementor-element elementor-element-12506a1b" data-id="12506a1b" data-element_type="column">
			<div class="elementor-column-wrap elementor-element-populated">
							<div class="elementor-widget-wrap">
						<div class="elementor-element elementor-element-7cfbe045 elementor-widget elementor-widget-text-editor" data-id="7cfbe045" data-element_type="widget" data-widget_type="text-editor.default">
				<div class="elementor-widget-container">
								<div class="elementor-text-editor elementor-clearfix">
				<p>Les proponemos una cuidada selección de títulos sobre la Guerra Civil española. Estos libros se pueden consultar en la Biblioteca del Museo.</p><p> </p><p> </p><table class=" aligncenter" style="width: 100%;"><tbody><tr><td style="width: 75%; text-align: left; vertical-align: top;"><h6><strong>Una Historia de la Guerra Civil que no va a gustar a nadie</strong> por Juan Eslava Galán (Ensayo/Divulgación).</h6><p>El llamativo título de esta <span style="font-family: georgia, palatino, serif;">obra</span> no hace referencia a su calidad sino que es una declaración de intenciones del autor, que deja claro que no se trata de un texto donde se vaya a ensalzar a uno de los bandos y a denostar al otro simplemente porque cuente con su simpatía personal.</p><p>En un tono ameno lejos de academicismos, Eslava Galán nos narra los antecedentes y devenires del conflicto.Sin olvidar a los grandes personajes y las famosas batallas, también acerca la cámara a las personas anónimas que padecieron esta guerra, salpicando el texto con pequeñas anécdotas cotidianas y curiosidades que acontecieron a unos y otros.</p></td><td style="width: 25%; text-align: center; vertical-align: top;"><img loading="lazy" class="alignnone size-full wp-image-796" src="http://museogcivilcampillo.es/wp-content/uploads/2018/04/eslava.jpg" alt="" width="183" height="275" /></td></tr><tr><td style="width: 75%; text-align: left; vertical-align: top;"><h6><strong>La Guerra Civil contada a los jovenes</strong> por Arturo Pérez-Reverte con ilustraciones de Fernando Vicente (Divulgación/Juvenil).</h6><p>Textos del controvertido escritor y columnista acompañados por bellas estampas realizadas por Vicente que intentan acercar el conocimiento del conflicto a las jóvenes generaciones.</p><p>Libro denostado por parte de la izquierda actual española, quizás porque el autor intenta ser ecuánime y no demoniza al bando fascista con suficiente contundencia ni ensalza las virtudes del bando republicano obviando las sombras que acompañaban a las luces. Sin entrar en detalle en las atrocidades cometidas por ambos bandos, los autores nos muestran los principales acontecimientos de este hito histórico.</p></td><td style="width: 21.9455%; text-align: center; vertical-align: top;"><img loading="lazy" class="alignnone wp-image-797" src="http://museogcivilcampillo.es/wp-content/uploads/2018/04/reverte.jpg" alt="" width="183" height="262" srcset="https://museogcivilcampillo.es/wp-content/uploads/2018/04/reverte.jpg 348w, https://museogcivilcampillo.es/wp-content/uploads/2018/04/reverte-209x300.jpg 209w" sizes="(max-width: 183px) 100vw, 183px" /></td></tr><tr><td style="width: 75%; text-align: left; vertical-align: top;"><h6><strong>Surcos del azar</strong> por Paco Roca (Cómic).</h6><p>Aunque la obra no está centrada en la Guerra Civil, su comienzo arranca con los estertores y nos permite vislumbrar a lo que se enfrentaron los perdedores del conflicto forzados al exilio, para luego mostrarnos cómo un puñado de ellos decidió seguir combatiendo al fascismo encuadrados en el ejercito aliado durante la Segunda Guerra Mundial, llegando a participar en la liberación de París y en el asalto al mismisimo Nido del Águila hitleriano. Grande la Nueve!</p></td><td style="width: 21.9455%; text-align: center; vertical-align: top;"><img loading="lazy" class="alignnone wp-image-798" src="http://museogcivilcampillo.es/wp-content/uploads/2018/04/roca.jpg" alt="" width="183" height="257" srcset="https://museogcivilcampillo.es/wp-content/uploads/2018/04/roca.jpg 356w, https://museogcivilcampillo.es/wp-content/uploads/2018/04/roca-214x300.jpg 214w" sizes="(max-width: 183px) 100vw, 183px" /></td></tr><tr><td style="width: 75%; text-align: left; vertical-align: top;"><h6><strong>Doctor Uriel</strong> por Sento (Cómic).</h6><p>Basado en la obra autobiográfica &#8220;No se fusila en domingo&#8221; de Pablo Uriel, nos narra en viñetas la historiade un joven médico zaragozano de simpatías republicanas que se ve atrapado en zona nacional al comienzo del conflicto.</p><p>Primero encarcelado y posteriormente forzado a unirse al ejercito sublevado, nuestro protagonista llega a verse atrapado en una de la batallas más renombradas: Belchite.</p></td><td style="width: 21.9455%; text-align: center; vertical-align: top;"><img loading="lazy" class="alignnone wp-image-799" src="http://museogcivilcampillo.es/wp-content/uploads/2018/04/sento.jpg" alt="" width="183" height="258" srcset="https://museogcivilcampillo.es/wp-content/uploads/2018/04/sento.jpg 354w, https://museogcivilcampillo.es/wp-content/uploads/2018/04/sento-213x300.jpg 213w" sizes="(max-width: 183px) 100vw, 183px" /></td></tr><tr><td style="width: 75%; text-align: left; vertical-align: top;"><p> </p></td><td style="width: 21.9455%; text-align: center; vertical-align: top;"> </td></tr></tbody></table><p> </p>					</div>
						</div>
				</div>
						</div>
					</div>
		</div>
								</div>
					</div>
		</section>
						</div>
						</div>
					</div>

<p>Les proponemos una cuidada selección de títulos sobre la Guerra Civil española. Estos libros se pueden consultar en la Biblioteca del Museo.     Una Historia de la Guerra Civil que no va a gustar a nadie por Juan Eslava Galán (Ensayo/Divulgación). El llamativo título de esta obra no hace referencia a su calidad sino [&hellip;]</p>
