{"id":915,"date":"2018-12-11T17:22:30","date_gmt":"2018-12-11T17:22:30","guid":{"rendered":"http:\/\/museogcivilcampillo.es\/?page_id=915"},"modified":"2018-12-11T18:21:45","modified_gmt":"2018-12-11T18:21:45","slug":"la-restauracion-del-cementerio-de-los-italianos","status":"publish","type":"page","link":"https:\/\/museogcivilcampillo.es\/?page_id=915","title":{"rendered":"La restauraci\u00f3n del Cementerio de los Italianos"},"content":{"rendered":"\t\t<div data-elementor-type=\"wp-post\" data-elementor-id=\"915\" class=\"elementor elementor-915 elementor-bc-flex-widget\" data-elementor-settings=\"[]\">\n\t\t\t\t\t\t<div class=\"elementor-inner\">\n\t\t\t\t\t\t\t<div class=\"elementor-section-wrap\">\n\t\t\t\t\t\t\t<section class=\"elementor-section elementor-top-section elementor-element elementor-element-ac34052 elementor-section-boxed elementor-section-height-default elementor-section-height-default\" data-id=\"ac34052\" data-element_type=\"section\">\n\t\t\t\t\t\t<div class=\"elementor-container elementor-column-gap-default\">\n\t\t\t\t\t\t\t<div class=\"elementor-row\">\n\t\t\t\t\t<div class=\"elementor-column elementor-col-100 elementor-top-column elementor-element elementor-element-50683d0\" data-id=\"50683d0\" data-element_type=\"column\">\n\t\t\t<div class=\"elementor-column-wrap elementor-element-populated\">\n\t\t\t\t\t\t\t<div class=\"elementor-widget-wrap\">\n\t\t\t\t\t\t<div class=\"elementor-element elementor-element-65e1dab elementor-widget elementor-widget-text-editor\" data-id=\"65e1dab\" data-element_type=\"widget\" data-widget_type=\"text-editor.default\">\n\t\t\t\t<div class=\"elementor-widget-container\">\n\t\t\t\t\t\t\t\t<div class=\"elementor-text-editor elementor-clearfix\">\n\t\t\t\t<p>En este apartado les exponemos en los <b>motivos que llevaron a la recuperaci\u00f3n del Cementerio de Guerra de los italianos<\/b>. Tambi\u00e9n, de forma adjunta les aportamos el <b>informe y plano de la excavaci\u00f3n arqueol\u00f3gica<\/b> llevada a cabo en el mismo durante su recuperaci\u00f3n. Adem\u00e1s, adjuntamos varios documentos relacionados con el Cementerio desarrollados por diversos investigadores.<\/p><p>El Cementerio de Guerra de los Italianos\u00a0 siempre ha estado rodeado de multitud de historias. Desde un principio esta inquietud ha existido en toda la poblaci\u00f3n y gentes de otros lugares, todo el mundo hablaba de camiones llenos de cad\u00e1veres que se enterraban en fosas comunes, de botellas con mapas e inscripciones. Todo esto creaba una desinformaci\u00f3n absoluta. Al final nadie sab\u00eda que conten\u00eda este lugar, nadie sab\u00eda si exist\u00eda o no esa fosa com\u00fan o cuantos restos de soldados quedaban.<\/p><p>Antes del a\u00f1o 2010, el Cementerio\u00a0 se encontraba era en estado de ruina, las b\u00f3vedas de las tumbas estaban ca\u00eddas, la vegetaci\u00f3n solo te dejaba ver un solar con una cruz en medio y con una inscripci\u00f3n y muchas ma\u00f1anas las tumbas en bloque aparec\u00edan abiertas y los restos \u00f3seos esparcidos por el suelo. Desde el ayuntamiento se intentaba mantener, encal\u00e1ndolo, levantando alg\u00fan muro ca\u00eddo, tapando agujeros en las tumbas, pero la desaparici\u00f3n era inminente.<\/p><p>Al mismo tiempo que se desmoronaba y ve\u00edamos como desaparec\u00eda, se mostraba inter\u00e9s por instituciones y personas que cre\u00edan vergonzoso que el lugar estuviera es esa situaci\u00f3n y alumnos de universidades como la de Extremadura o Zaragoza ven\u00edan a estudiar los documentos existentes en el archivo del ayuntamiento o a ver las caracter\u00edsticas del mismo para hacer sus memorias o proyectos universitarios.<\/p><p>Algo a mencionar es que todos los grupos pol\u00edticos desde el PSOE con su alcalde d. Juan Valenzuela Moreno, IPEX con d. Francisco Heras Navascu\u00e9s y el actual de IU d. Tomas Ramiro S\u00e1nchez han cre\u00eddo que esta intervenci\u00f3n era necesaria y cada uno desde su posici\u00f3n y en su momento han abogado por llevar a cabo esta acci\u00f3n, la intervenci\u00f3n en si se llev\u00f3 a cabo estando gobernando IPEX con su alcalde d. Francisco Heras Navascu\u00e9s siendo el qui\u00e9n dio luz verde a que los distintos fondos se invirtieran en este lugar.<\/p><p>Teniendo en cuenta lo anterior, los motivos que nos han llevado a restaurar e investigar este cementerio militar han sido varios:<\/p><ul><li>1\u00ba Este cementerio estaba abierto a todo tipo de especulaciones y leyendas sin rigor de ning\u00fan tipo, se hablaba de que hab\u00eda italianos, de que eran miles los enterrados, otros decian que no hab\u00eda nadie, otros que los enterramientos eran con armamento y uniformes completos, que si de peque\u00f1os hab\u00edan robado botellas de las tumbas, etc. El esclarecer este tipo de informaci\u00f3n, el desentra\u00f1ar sus secretos nos parec\u00eda esencial.<\/li><li>2\u00ba Otro motivo esencial ha sido el de darle dignidad, dignificar este lugar era imprescindible ya que hab\u00eda llegado a un estado en el que se pod\u00edan ver los restos humanos sin buscarlos demasiado, las tumbas estaban rotas, las malas hiervas lo hab\u00edan ocupado por completo; cuando no una ma\u00f1ana alguien buscando no s\u00e9 qu\u00e9, hab\u00eda roto alg\u00fan nicho y dejaba ver todo su interior o faltaba alg\u00fan cr\u00e1neo.<\/li><li>3\u00ba Tambi\u00e9n hay un motivo muy importante que es el de ser conscientes que este cementerio es unico en sus caracter\u00edsticas por lo menos en Extremadura y es esto lo que le confiere a campillo un car\u00e1cter diferenciador y esto es lo que ha hecho a las personas que circulan por esta carretera se paren a visitarlo. Llevan haci\u00e9ndolo desde siempre sin que nada ni nadie les pudiera explicar las dudas que seguramente albergaban. Est\u00e1 claro es que este cementerio ha despertado siempre inter\u00e9s, es frecuente ver a personas ahora y antes de su restauraci\u00f3n dentro del recinto aunque tuvieran que saltarse la tapia, este cementerio ha sido y sigue siendo el lugar mas visitado de campillo de Llerena, muchos mas que por ejemplo la bonita iglesia de estilo mud\u00e9jar con la que tambi\u00e9n cuenta este pueblo.<\/li><li>4\u00ba el de darle el car\u00e1cter hist\u00f3rico que tiene. Norman Foster (arquitecto ingles) al encargarle la creaci\u00f3n de la c\u00fapula del parlamento alem\u00e1n destruida durante la segunda guerra mundial, y al preguntarle por los muros llenos de pintadas tanto nazis como de las tropas aliadas dijo \u201cno se puede borrar la historia de un plumazo\u201d y mantuvo parte de estas leyendas escritas en muros y columnas que aun hoy pueden leerse. Al entrar en este lugar todo el conjunto de detalles, te hace ver la magnitud del edificio y no solo por su belleza sino por poder ver lo que en este mismo lugar sucedi\u00f3 en un pasado muy reciente. Debemos hacer hincapi\u00e9 en los edificios como herencia hist\u00f3rica aunque sea un cementerio.<\/li><li>5\u00ba Un motivo fundamental es el educativo, debemos ense\u00f1ar nuestro pasado y para esto debemos conocerlo y estudiarlo, queremos hacer que los adolescentes y ni\u00f1os puedan visitar un cementerio en el que saquen conclusiones de lo que significa una guerra civil y sus consecuencias, debemos encontrar otras formas de ense\u00f1arles la historia desde un punto de vista no b\u00e9lico pero desde un lugar de la propia guerra, para que sientan el contexto mas all\u00e1 de los libros.<\/li><\/ul><p>Como todos sabemos el momento que vivimos es incierto, y m\u00e1s incierto se ve desde un peque\u00f1o pueblo como este, tambi\u00e9n sabemos que el turismo en el \u00e1mbito extreme\u00f1o se ha convertido en un nuevo eje estrat\u00e9gico para el desarrollo regional, en Extremadura el desarrollo e incremento tur\u00edstico han sido notables ya que a nivel nacional se est\u00e1n produciendo cambios en los destinos y no quiero decir que el destino sol playa deje de funcionar, lo que quiero decir es que empieza a parecer una consolidaci\u00f3n clara del destino de interior en todas sus facetas, como son el turismo rural, ornitol\u00f3gico, ecoturismo, turismo cultural y tambi\u00e9n turismo hist\u00f3rico, aqu\u00ed contamos con buena parte de estos recursos pero el que nos diferencia es en el hist\u00f3rico con este cementerio de los italianos.<\/p><p>Se est\u00e1n demandando este tipo de lugares por parte de poblaci\u00f3n como destino o lugar para visitar, ejemplos de este tipo de actuaciones las encontramos en la Sierra de Granada, en el desierto de los Monegros con la ruta Orwell, en Rivas-Vaciamadrid etc. En todos los destinos es el mismo, la guerra civil. Y esto hablando de Espa\u00f1a por que en Europa la II Guerra Mundial y sus enclaves mueven anualmente miles y miles de personas y se contin\u00faa poniendo en valor lugares se\u00f1alados de la historia reciente, el d\u00eda 19 de enero de este a\u00f1o apareci\u00f3 una noticia en la que el gobierno polaco buscaba inversores para transformar \u201cla guarida del lobo\u201d de Hitler en destino tur\u00edstico, pues bien, actualmente ya puedes dormir y comer en los barracones de este complejo militar.<\/p><p>Debido a la ubicaci\u00f3n del Cementerio de los Italianos junto a la carretera EX103 alejado 600 m de la poblaci\u00f3n, este proyecto estar\u00e1 incompleto si no conseguimos que las personas que visitan el cementerio entren en la poblaci\u00f3n, para esto el proyecto completo consta de 3 partes:<\/p><ul><li>Una que era la investigaci\u00f3n, restauraci\u00f3n y musealizaci\u00f3n del propio cementerio ya realizado.<\/li><li>Otra que consta en la diversificaci\u00f3n de las rutas ambientales, a trav\u00e9s de la recuperaci\u00f3n de trincheras y arquitectura militar que salpica estas sierras, adem\u00e1s de poder hacer una ruta por la bella dehesa extreme\u00f1a vas a poder entrar en una trinchera o nido de ametralladoras e imaginar en primera persona el horror de una guerra.<\/li><li>Y una tercera parte quiz\u00e1 la m\u00e1s importante que ser\u00e1 la creaci\u00f3n de un museo-centro de interpretaci\u00f3n de la guerra civil dentro de la poblaci\u00f3n siempre entendido desde una triple l\u00ednea: l\u00ednea tur\u00edstica consider\u00e1ndolo como recurso tur\u00edstico, l\u00ednea educativa que permita aprender la lecci\u00f3n de los ocurrido y un l\u00ednea cultural entendido como un centro de convergencia de la cultura de los valores no b\u00e9licos.<\/li><\/ul><p><span style=\"font-size: 14px;\">Debemos reinventarnos y creer en nuestro potencial para poder seguir adelante.<\/span><\/p>\t\t\t\t\t<\/div>\n\t\t\t\t\t\t<\/div>\n\t\t\t\t<\/div>\n\t\t\t\t\t\t<\/div>\n\t\t\t\t\t<\/div>\n\t\t<\/div>\n\t\t\t\t\t\t\t\t<\/div>\n\t\t\t\t\t<\/div>\n\t\t<\/section>\n\t\t\t\t\t\t<\/div>\n\t\t\t\t\t\t<\/div>\n\t\t\t\t\t<\/div>\n\t\t","protected":false},"excerpt":{"rendered":"<p>En este apartado les exponemos en los motivos que llevaron a la recuperaci\u00f3n del Cementerio de Guerra de los italianos. Tambi\u00e9n, de forma adjunta les aportamos el informe y plano de la excavaci\u00f3n arqueol\u00f3gica llevada a cabo en el mismo durante su recuperaci\u00f3n. Adem\u00e1s, adjuntamos varios documentos relacionados con el Cementerio desarrollados por diversos investigadores. [&hellip;]<\/p>\n","protected":false},"author":1,"featured_media":0,"parent":0,"menu_order":0,"comment_status":"closed","ping_status":"closed","template":"","meta":{"ngg_post_thumbnail":0},"_links":{"self":[{"href":"https:\/\/museogcivilcampillo.es\/index.php?rest_route=\/wp\/v2\/pages\/915"}],"collection":[{"href":"https:\/\/museogcivilcampillo.es\/index.php?rest_route=\/wp\/v2\/pages"}],"about":[{"href":"https:\/\/museogcivilcampillo.es\/index.php?rest_route=\/wp\/v2\/types\/page"}],"author":[{"embeddable":true,"href":"https:\/\/museogcivilcampillo.es\/index.php?rest_route=\/wp\/v2\/users\/1"}],"replies":[{"embeddable":true,"href":"https:\/\/museogcivilcampillo.es\/index.php?rest_route=%2Fwp%2Fv2%2Fcomments&post=915"}],"version-history":[{"count":8,"href":"https:\/\/museogcivilcampillo.es\/index.php?rest_route=\/wp\/v2\/pages\/915\/revisions"}],"predecessor-version":[{"id":932,"href":"https:\/\/museogcivilcampillo.es\/index.php?rest_route=\/wp\/v2\/pages\/915\/revisions\/932"}],"wp:attachment":[{"href":"https:\/\/museogcivilcampillo.es\/index.php?rest_route=%2Fwp%2Fv2%2Fmedia&parent=915"}],"curies":[{"name":"wp","href":"https:\/\/api.w.org\/{rel}","templated":true}]}}

La restauración del Cementerio de los Italianos

<div data-elementor-type="wp-post" data-elementor-id="915" class="elementor elementor-915 elementor-bc-flex-widget" data-elementor-settings="[]">
						<div class="elementor-inner">
							<div class="elementor-section-wrap">
							<section class="elementor-section elementor-top-section elementor-element elementor-element-ac34052 elementor-section-boxed elementor-section-height-default elementor-section-height-default" data-id="ac34052" data-element_type="section">
						<div class="elementor-container elementor-column-gap-default">
							<div class="elementor-row">
					<div class="elementor-column elementor-col-100 elementor-top-column elementor-element elementor-element-50683d0" data-id="50683d0" data-element_type="column">
			<div class="elementor-column-wrap elementor-element-populated">
							<div class="elementor-widget-wrap">
						<div class="elementor-element elementor-element-65e1dab elementor-widget elementor-widget-text-editor" data-id="65e1dab" data-element_type="widget" data-widget_type="text-editor.default">
				<div class="elementor-widget-container">
								<div class="elementor-text-editor elementor-clearfix">
				<p>En este apartado les exponemos en los <b>motivos que llevaron a la recuperación del Cementerio de Guerra de los italianos</b>. También, de forma adjunta les aportamos el <b>informe y plano de la excavación arqueológica</b> llevada a cabo en el mismo durante su recuperación. Además, adjuntamos varios documentos relacionados con el Cementerio desarrollados por diversos investigadores.</p><p>El Cementerio de Guerra de los Italianos  siempre ha estado rodeado de multitud de historias. Desde un principio esta inquietud ha existido en toda la población y gentes de otros lugares, todo el mundo hablaba de camiones llenos de cadáveres que se enterraban en fosas comunes, de botellas con mapas e inscripciones. Todo esto creaba una desinformación absoluta. Al final nadie sabía que contenía este lugar, nadie sabía si existía o no esa fosa común o cuantos restos de soldados quedaban.</p><p>Antes del año 2010, el Cementerio  se encontraba era en estado de ruina, las bóvedas de las tumbas estaban caídas, la vegetación solo te dejaba ver un solar con una cruz en medio y con una inscripción y muchas mañanas las tumbas en bloque aparecían abiertas y los restos óseos esparcidos por el suelo. Desde el ayuntamiento se intentaba mantener, encalándolo, levantando algún muro caído, tapando agujeros en las tumbas, pero la desaparición era inminente.</p><p>Al mismo tiempo que se desmoronaba y veíamos como desaparecía, se mostraba interés por instituciones y personas que creían vergonzoso que el lugar estuviera es esa situación y alumnos de universidades como la de Extremadura o Zaragoza venían a estudiar los documentos existentes en el archivo del ayuntamiento o a ver las características del mismo para hacer sus memorias o proyectos universitarios.</p><p>Algo a mencionar es que todos los grupos políticos desde el PSOE con su alcalde d. Juan Valenzuela Moreno, IPEX con d. Francisco Heras Navascués y el actual de IU d. Tomas Ramiro Sánchez han creído que esta intervención era necesaria y cada uno desde su posición y en su momento han abogado por llevar a cabo esta acción, la intervención en si se llevó a cabo estando gobernando IPEX con su alcalde d. Francisco Heras Navascués siendo el quién dio luz verde a que los distintos fondos se invirtieran en este lugar.</p><p>Teniendo en cuenta lo anterior, los motivos que nos han llevado a restaurar e investigar este cementerio militar han sido varios:</p><ul><li>1º Este cementerio estaba abierto a todo tipo de especulaciones y leyendas sin rigor de ningún tipo, se hablaba de que había italianos, de que eran miles los enterrados, otros decian que no había nadie, otros que los enterramientos eran con armamento y uniformes completos, que si de pequeños habían robado botellas de las tumbas, etc. El esclarecer este tipo de información, el desentrañar sus secretos nos parecía esencial.</li><li>2º Otro motivo esencial ha sido el de darle dignidad, dignificar este lugar era imprescindible ya que había llegado a un estado en el que se podían ver los restos humanos sin buscarlos demasiado, las tumbas estaban rotas, las malas hiervas lo habían ocupado por completo; cuando no una mañana alguien buscando no sé qué, había roto algún nicho y dejaba ver todo su interior o faltaba algún cráneo.</li><li>3º También hay un motivo muy importante que es el de ser conscientes que este cementerio es unico en sus características por lo menos en Extremadura y es esto lo que le confiere a campillo un carácter diferenciador y esto es lo que ha hecho a las personas que circulan por esta carretera se paren a visitarlo. Llevan haciéndolo desde siempre sin que nada ni nadie les pudiera explicar las dudas que seguramente albergaban. Está claro es que este cementerio ha despertado siempre interés, es frecuente ver a personas ahora y antes de su restauración dentro del recinto aunque tuvieran que saltarse la tapia, este cementerio ha sido y sigue siendo el lugar mas visitado de campillo de Llerena, muchos mas que por ejemplo la bonita iglesia de estilo mudéjar con la que también cuenta este pueblo.</li><li>4º el de darle el carácter histórico que tiene. Norman Foster (arquitecto ingles) al encargarle la creación de la cúpula del parlamento alemán destruida durante la segunda guerra mundial, y al preguntarle por los muros llenos de pintadas tanto nazis como de las tropas aliadas dijo “no se puede borrar la historia de un plumazo” y mantuvo parte de estas leyendas escritas en muros y columnas que aun hoy pueden leerse. Al entrar en este lugar todo el conjunto de detalles, te hace ver la magnitud del edificio y no solo por su belleza sino por poder ver lo que en este mismo lugar sucedió en un pasado muy reciente. Debemos hacer hincapié en los edificios como herencia histórica aunque sea un cementerio.</li><li>5º Un motivo fundamental es el educativo, debemos enseñar nuestro pasado y para esto debemos conocerlo y estudiarlo, queremos hacer que los adolescentes y niños puedan visitar un cementerio en el que saquen conclusiones de lo que significa una guerra civil y sus consecuencias, debemos encontrar otras formas de enseñarles la historia desde un punto de vista no bélico pero desde un lugar de la propia guerra, para que sientan el contexto mas allá de los libros.</li></ul><p>Como todos sabemos el momento que vivimos es incierto, y más incierto se ve desde un pequeño pueblo como este, también sabemos que el turismo en el ámbito extremeño se ha convertido en un nuevo eje estratégico para el desarrollo regional, en Extremadura el desarrollo e incremento turístico han sido notables ya que a nivel nacional se están produciendo cambios en los destinos y no quiero decir que el destino sol playa deje de funcionar, lo que quiero decir es que empieza a parecer una consolidación clara del destino de interior en todas sus facetas, como son el turismo rural, ornitológico, ecoturismo, turismo cultural y también turismo histórico, aquí contamos con buena parte de estos recursos pero el que nos diferencia es en el histórico con este cementerio de los italianos.</p><p>Se están demandando este tipo de lugares por parte de población como destino o lugar para visitar, ejemplos de este tipo de actuaciones las encontramos en la Sierra de Granada, en el desierto de los Monegros con la ruta Orwell, en Rivas-Vaciamadrid etc. En todos los destinos es el mismo, la guerra civil. Y esto hablando de España por que en Europa la II Guerra Mundial y sus enclaves mueven anualmente miles y miles de personas y se continúa poniendo en valor lugares señalados de la historia reciente, el día 19 de enero de este año apareció una noticia en la que el gobierno polaco buscaba inversores para transformar “la guarida del lobo” de Hitler en destino turístico, pues bien, actualmente ya puedes dormir y comer en los barracones de este complejo militar.</p><p>Debido a la ubicación del Cementerio de los Italianos junto a la carretera EX103 alejado 600 m de la población, este proyecto estará incompleto si no conseguimos que las personas que visitan el cementerio entren en la población, para esto el proyecto completo consta de 3 partes:</p><ul><li>Una que era la investigación, restauración y musealización del propio cementerio ya realizado.</li><li>Otra que consta en la diversificación de las rutas ambientales, a través de la recuperación de trincheras y arquitectura militar que salpica estas sierras, además de poder hacer una ruta por la bella dehesa extremeña vas a poder entrar en una trinchera o nido de ametralladoras e imaginar en primera persona el horror de una guerra.</li><li>Y una tercera parte quizá la más importante que será la creación de un museo-centro de interpretación de la guerra civil dentro de la población siempre entendido desde una triple línea: línea turística considerándolo como recurso turístico, línea educativa que permita aprender la lección de los ocurrido y un línea cultural entendido como un centro de convergencia de la cultura de los valores no bélicos.</li></ul><p><span style="font-size: 14px;">Debemos reinventarnos y creer en nuestro potencial para poder seguir adelante.</span></p>					</div>
						</div>
				</div>
						</div>
					</div>
		</div>
								</div>
					</div>
		</section>
						</div>
						</div>
					</div>

<p>En este apartado les exponemos en los motivos que llevaron a la recuperación del Cementerio de Guerra de los italianos. También, de forma adjunta les aportamos el informe y plano de la excavación arqueológica llevada a cabo en el mismo durante su recuperación. Además, adjuntamos varios documentos relacionados con el Cementerio desarrollados por diversos investigadores. [&hellip;]</p>
